 z. What is the remainder when r is divided by 31?
30
Suppose 65*z = -35*z + 70*z + 390. Let a(g) be the second derivative of -3*g**3/2 - g**2/2 + 2*g. Calculate the remainder when a(-4) is divided by z.
9
Suppose -7*k = -0*k - 35. Let i be (-1)/(-20)*k + 1958/8. Suppose -5*m + 153 = n, -3*n - 96 + i = 5*m. What is the remainder when 60 is divided by m?
29
Suppose -5*c - 55 = 5*h, -4*h = -4*c + 2*c + 26. Suppose 703*m = 699*m + 140. What is the remainder when 136/6*(-36)/h is divided by m?
32
Suppose 70*i - 47*i = 0. Suppose i = -8*p + 13676 - 252. Calculate the remainder when p is divided by 70.
68
Suppose -4*j + 996 = -j. Let q(p) = -2775*p - 13838. Calculate the remainder when j is divided by q(-5).
36
Let j(x) = -4*x + 10. Let b be j(4). Let l be (3*29/b)/(1/(-8)). What is the remainder when 145 is divided by (l/20 - 3)/((-4)/(-70))?
47
Let p(n) = 12*n + 2. Calculate the remainder when p(6) is divided by 59 + 7*(-20 - -17).
36
Let d(t) = -t**3 - 2*t**2 + 6*t + 5. Let f = 1 - 5. Suppose 13*u + 25*u - 3247 + 2487 = 0. Calculate the remainder when u is divided by d(f).
7
Let i(h) = h**2 - 8*h + 24. Let z be (-82)/(-2) + (7 - 3). Let r = z - 40. What is the remainder when 26 is divided by i(r)?
8
Let m(y) = -y**3 - 3*y**2 - 6*y - 3. Let v be m(-2). Suppose v*j - 378 = -j. Calculate the remainder when j is divided by 11.
8
Suppose 0*v = 5*v - 15, -23 = -4*q - v. Let w = -32 + 33. Suppose -57 = -4*f + q*z + w, 0 = -2*f + z + 32. Calculate the remainder when 66 is divided by f.
15
Suppose -2*c - 2*c - 2*l = -4054, -5*l - 3060 = -3*c. What is the remainder when c is divided by 15?
10
Suppose 28*j - 36*j = -704. Let o = 93 - j. Suppose -o*x - 11 = -5*k - 41, -x = 5*k. Calculate the remainder when 18 is divided by x.
3
Suppose 74*d - 42*d = 43*d - 132. Calculate the remainder when 2363 is divided by d.
11
Let n be (-4)/6*9/(-6). Let h(k) = k**3 + 14*k**2 + 19. What is the remainder when 56 - (n - (-1)/1) is divided by h(-14)?
16
Suppose 14 = -24*p + 17*p. Calculate the remainder when 75 is divided by (-100)/125*(2 + 69/p).
23
Let h(k) = k**3 - k**2 - 2*k + 45. Let d be h(0). Let v be -3*(-4)/30 + (-108)/d. What is the remainder when 5 is divided by 5*-8*v/20?
1
Let u be (-30)/(-7) - 14/49. Suppose -u*z + 19 + 1 = 0. Suppose j = -l + 13 + 20, z*l - 3*j = 157. Calculate the remainder when 127 is divided by l.
31
Let u = 5714 - 3363. What is the remainder when u is divided by 42?
41
Let s(g) = 3*g**2 - 19*g - 3. Calculate the remainder when 3 + 2 + 1 + -2 + 47 is divided by s(8).
14
Let m be (2/7)/(14/6566). Let z be m/8 + 87/(-116). Suppose z = -6*r + 10*r. Calculate the remainder when 6 is divided by r.
2
Suppose u - 3*u - 12 = -3*z, 20 = 5*z + u. Suppose -1 + z = -a, -3*a = -4*r + 89. Let p(w) = -19*w + 2. Calculate the remainder when p(-3) is divided by r.
19
Suppose 0 = 164*h - 171*h + 56. Suppose -h*g + 156 = 5*g. Calculate the remainder when 129 is divided by g.
9
Let q(r) = 4*r**2 + 13*r**2 - 3 - 15*r**2. What is the remainder when 57 is divided by q(4)?
28
Let d be 0*1/(-13) - (-10)/2. Suppose -3*r + 200 = -5*s, -d*r + 4*r - 5*s + 60 = 0. Calculate the remainder when r is divided by 26.
13
Let s(k) = k**2 + 10*k + 17. Let r(z) = 2*z**2 - 6*z + 3. Let p be r(3). Suppose p*y + 18 = y. Calculate the remainder when 23 is divided by s(y).
7
Let s = 2625 - 2556. What is the remainder when 86 is divided by s?
17
Let c(l) = -1834*l + 22022. Let g(t) = -t**3 - t**2 - t + 5. Let i be g(0). Let d = i + 63. Calculate the remainder when d is divided by c(12).
12
Let o(s) = -s**2 + 5*s + 23. Let t(c) = 3*c + 1. Calculate the remainder when o(0) is divided by t(4).
10
Let i = -2 + 41. Let g be 22/220 + (-609)/(-10). Suppose -56 = -68*v + g*v. What is the remainder when i is divided by v?
7
Let x = 11277 + -6679. What is the remainder when x is divided by 78?
74
Suppose -2*v - 1 = -3*v + 4*q, 2*q + 3 = 3*v. What is the remainder when 254 is divided by v?
0
Let i = 2789 - 2732. Calculate the remainder when 2790 is divided by i.
54
Suppose a = 5*v + 42, 23*v = -a + 24*v + 22. What is the remainder when 105 is divided by a?
3
Suppose -2*v = -6*v + 2*u + 212, 204 = 4*v + 2*u. Suppose 0 = 45*f - v*f + 7. Calculate the remainder when 8 is divided by f.
0
Let z = 5119 + -3620. What is the remainder when z is divided by 10?
9
Let k = 9410 + -8651. Calculate the remainder when k is divided by 215.
114
Let w = -8821 - -9943. Calculate the remainder when w is divided by 550.
22
Suppose 231 = 2*d - 5*i, 111*i - 116*i + 384 = 3*d. What is the remainder when 626 is divided by d?
11
Let z be (-18)/(-30) - (-264)/60. Suppose 13 = -z*m + 373. Calculate the remainder when 286 is divided by m.
70
Calculate the remainder when ((-1920)/(-1760))/(4/638) is divided by 97.
77
Let x = -24 - -23. Let m be 16/(2 + x/1). Let k = 12 + m. What is the remainder when 80 is divided by k?
24
Let m = -21 + 24. Let y be -2 + (1 - (-21 + m)). Suppose -2*s + s + y = 3*p, s = -2*p + 13. What is the remainder when 6 is divided by p?
2
Suppose -252*k - 447 = -255*k. Suppose 17*m + k - 761 = 0. What is the remainder when m is divided by 9?
0
Calculate the remainder when 69/115*(642 - (-8 - -5)) is divided by 383.
4
What is the remainder when 400 is divided by ((-4)/(-6))/(-14 - (-30000)/2142)?
43
What is the remainder when -15 + 34 + -18 + 3900 + 3 is divided by 976?
0
Suppose -4*f - 12*f = -38*f + 1100. Calculate the remainder when f is divided by 38.
12
Suppose 33 = 2*c + 7. Calculate the remainder when (-2)/(-3) - (-42024)/927 is divided by c.
7
Calculate the remainder when 212 is divided by (-31)/(-1) - (7 - (-1)/(-1)).
12
Calculate the remainder when 1071 is divided by (-9)/(-81) - (-2 - -1 - (-7503)/(-27)).
234
What is the remainder when 41 is divided by (21 - (8 + 7))*(-2)/(-1)?
5
Let k(z) = -17*z + 13. Let a be k(-11). Suppose -2*d + a = 3*x, -4*x = -d + 46 - 320. What is the remainder when x is divided by 23?
22
Let r(q) be the second derivative of q**5/2 + 11*q**3/6 - 9*q**2 + 144*q. Let j(w) = 28*w + 1. Calculate the remainder when r(2) is divided by j(1).
26
Suppose -40*r + 28694 = 7214. Let v(n) = -8*n**3 - 2*n**2 + 2*n - 3. What is the remainder when r is divided by v(-2)?
47
Let y(l) = l + 65. Let h(g) = 32. Let u(k) = 5*h(k) - 3*y(k). Let b be u(-11). What is the remainder when (-5454)/(-126) - b/(-7) is divided by 23?
20
Let u = -230 + 341. Calculate the remainder when u is divided by (138/(-36))/((-2)/12).
19
Let a(x) = x + 1. Let o(i) = 9. Let l(b) = 4*a(b) - o(b). What is the remainder when 10 - 13 - (-4 + -66) is divided by l(7)?
21
Suppose 17*c + 293 = -217. What is the remainder when 91 is divided by ((-48)/c)/(-2)*2*-5?
3
Suppose 2*n + 5*c + 51 = 0, -n + 2133*c - 2128*c = -57. What is the remainder when 75 + (1 - 0/2) is divided by n?
0
Suppose 37*r - 26*r - 681 = -2*n, -3*r + 173 = -2*n. Let h(o) = o**2 + 3*o. What is the remainder when h(16) is divided by r?
60
Suppose -5*o = 4*r - 20 - 254, 2*o - 105 = 3*r. Calculate the remainder when o is divided by 40.
14
Let d be ((-41)/2)/(1/2). Let k = -41 - d. Suppose k = q - 6*q + 105. Calculate the remainder when 145 is divided by q.
19
Suppose 10*f = 2905 - 1675. What is the remainder when 155 is divided by f?
32
Let r = -154 - -199. Let m = 127 - -233. What is the remainder when r is divided by m/25 - (-4)/(-10)?
3
Suppose 57*h - 4176 = -300. What is the remainder when (-3 + (-1)/((-10)/25))*-946 is divided by h?
65
Suppose -i - 299 + 584 = 0. Let m = i + -236. Calculate the remainder when 95 is divided by m.
46
Let f be (15/(-6) + 2)/((-9)/684). Suppose -6 = -3*k - o + 17, 5*k = -2*o + f. What is the remainder when 30 is divided by k?
6
Let o = -57 - -96. What is the remainder when (456/32)/(8/32) is divided by o?
18
Calculate the remainder when ((-16)/2 + (-153)/(-21))*-21 is divided by 212/18 - 2/(-9).
3
Let l be -3 + 0 - (8 - -2)/2. Let v = l - -16. What is the remainder when 2829/161 - v/14 is divided by 5?
2
Let l(y) = -65*y - 621. What is the remainder when 489 is divided by l(-12)?
12
Let m(z) = -z**3 - 143*z**2 + 6*z + 927. Calculate the remainder when m(-143) is divided by -12*(2/(-4) + 0).
3
Suppose -2*m - 231 = -3*c - 5*m, 4*c - 332 = 4*m. Let b(n) = 6*n**2 + 33*n + 9. What is the remainder when c is divided by b